907 is divided by 13.
11
Calculate the remainder when 2755 is divided by 499.
260
What is the remainder when 4140 is divided by 397?
170
Calculate the remainder when 2524 is divided by 354.
46
Calculate the remainder when 30111 is divided by 15038.
35
Calculate the remainder when 64572 is divided by 425.
397
What is the remainder when 5980 is divided by 2957?
66
What is the remainder when 273626 is divided by 97?
86
What is the remainder when 29926 is divided by 9934?
124
Calculate the remainder when 7218 is divided by 2406.
0
What is the remainder when 6632 is divided by 1732?
1436
What is the remainder when 10238 is divided by 153?
140
What is the remainder when 4524 is divided by 5?
4
What is the remainder when 3641710 is divided by 495?
490
What is the remainder when 10596 is divided by 87?
69
Calculate the remainder when 6808 is divided by 453.
13
Calculate the remainder when 9003 is divided by 4489.
25
What is the remainder when 990 is divided by 909?
81
Calculate the remainder when 3669 is divided by 3629.
40
What is the remainder when 1363 is divided by 211?
97
Calculate the remainder when 16521 is divided by 125.
21
Calculate the remainder when 28402 is divided by 9457.
31
Calculate the remainder when 1580 is divided by 71.
18
Calculate the remainder when 2365 is divided by 392.
13
Calculate the remainder when 67230 is divided by 13443.
15
Calculate the remainder when 130850 is divided by 65424.
2
Calculate the remainder when 8168 is divided by 19.
17
Calculate the remainder when 172286 is divided by 22.
4
What is the remainder when 4609 is divided by 2280?
49
What is the remainder when 30668 is divided by 12?
8
What is the remainder when 410598 is divided by 10?
8
Calculate the remainder when 361247 is divided by 58.
23
Calculate the remainder when 113115 is divided by 102.
99
What is the remainder when 140959 is divided by 605?
599
Calculate the remainder when 112 is divided by 62.
50
What is the remainder when 1771 is divided by 246?
49
What is the remainder when 21434 is divided by 233?
231
What is the remainder when 1593 is divided by 57?
54
What is the remainder when 29492 is divided by 25?
17
What is the remainder when 1357 is divided by 218?
49
What is the remainder when 92745 is divided by 158?
157
What is the remainder when 90324 is divided by 15?
9
Calculate the remainder when 12329 is divided by 31.
22
Calculate the remainder when 542107 is divided by 20850.
7
What is the remainder when 956119 is divided by 137?
133
What is the remainder when 47789 is divided by 45?
44
Calculate the remainder when 94098 is divided by 62.
44
Calculate the remainder when 3345 is divided by 44.
1
Calculate the remainder when 2595 is divided by 820.
135
What is the remainder when 12360 is divided by 139?
128
Calculate the remainder when 10502 is divided by 16.
6
What is the remainder when 1356 is divided by 308?
124
Calculate the remainder when 60197 is divided by 90.
77
Calculate the remainder when 14278 is divided by 54.
22
What is the remainder when 75505 is divided by 26?
1
What is the remainder when 19410 is divided by 29?
9
Calculate the remainder when 50539 is divided by 25268.
3
Calculate the remainder when 32661 is divided by 2177.
6
What is the remainder when 1492 is divided by 278?
102
What is the remainder when 1253 is divided by 417?
2
What is the remainder when 2312 is divided by 648?
368
Calculate the remainder when 3126 is divided by 347.
3
What is the remainder when 859 is divided by 7?
5
What is the remainder when 1982252 is divided by 115?
112
Calculate the remainder when 812 is divided by 100.
12
What is the remainder when 3399 is divided by 271?
147
Calculate the remainder when 8157 is divided by 2567.
456
What is the remainder when 78799 is divided by 37?
26
Calculate the remainder when 1028347 is divided by 58.
7
What is the remainder when 423873 is divided by 442?
437
What is the remainder when 5095 is divided by 2011?
1073
What is the remainder when 1802 is divided by 654?
494
What is the remainder when 36621 is divided by 324?
9
What is the remainder when 54250 is divided by 9022?
118
What is the remainder when 7926 is divided by 60?
6
Calculate the remainder when 33436 is divided by 880.
876
What is the remainder when 60774 is divided by 27?
24
What is the remainder when 76995 is divided by 4523?
104
Calculate the remainder when 174585 is divided by 395.
390
What is the remainder when 4788 is divided by 918?
198
Calculate the remainder when 2106263 is divided by 1178.
1177
Calculate the remainder when 341985 is divided by 10363.
6
Calculate the remainder when 4718 is divided by 63.
56
Calculate the remainder when 35497 is divided by 235.
12
What is the remainder when 196693 is divided by 5?
3
Calculate the remainder when 496204 is divided by 27.
25
What is the remainder when 1445 is divided by 148?
113
Calculate the remainder when 1935 is divided by 87.
21
What is the remainder when 7992 is divided by 791?
82
Calculate the remainder when 443746 is divided by 355.
351
What is the remainder when 498 is divided by 224?
50
What is the remainder when 5104 is divided by 692?
260
Calculate the remainder when 33636 is divided by 1178.
652
Calculate the remainder when 445196 is divided by 42.
38
What is the remainder when 1459152 is divided by 314?
308
What is the remainder when 9032 is divided by 244?
4
What is the remainder when 2584 is divided by 212?
40
Calculate the remainder when 2267 is divided by 882.
503
Calculate the remainder when 26864 is divided by 6711.
20
What is the remainder when 5672 is divided by 51?
11
What is the remainder when 787 is divided by 90?
67
Calculate the remainder when 899955 is divided by 20.
15
What is the remainder when 48355 is divided by 14?
13
What is the remainder when 31137 is divided by 21?
15
Calculate the remainder when 1091 is divided by 152.
27
Calculate the remainder when 274 is divided by 69.
67
Calculate the remainder when 3910 is divided by 64.
6
What is the remainder when 12015 is divided by 20?
15
Calculate the remainder when 443309 is divided by 105.
104
Calculate the remainder when 47039 is divided by 5878.
15
Calculate the remainder when 14776 is divided by 3691.
12
Calculate the remainder when 17524 is divided by 7.
3
Calculate the remainder when 22396 is divided by 80.
76
What is the remainder when 56375 is divided by 14?
11
What is the remainder when 6008 is divided by 743?
64
What is the remainder when 1710 is divided by 1634?
76
What is the remainder when 69977 is divided by 24?
17
What is the remainder when 8148 is divided by 263?
258
What is the remainder when 214169 is divided by 110?
109
What is the remainder when 73166 is divided by 73161?
5
What is the remainder when 405206 is divided by 252?
242
Calculate the remainder when 8241 is divided by 331.
297
Calculate the remainder when 750203 is divided by 36.
35
Calculate the remainder when 2639 is divided by 159.
95
Calculate the remainder when 10242 is divided by 1303.
1121
What is the remainder when 3005 is divided by 18?
17
Calculate the remainder when 12865 is divided by 95.
40
What is the remainder when 2852 is divided by 13?
5
Calculate the remainder when 104049 is divided by 1351.
22
Calculate the remainder when 1272793 is divided by 795.
793
Calculate the remainder when 32758 is divided by 84.
82
What is the remainder when 1337 is divided by 460?
417
What is the remainder when 19630 is divided by 264?
94
Calculate the remainder when 12366 is divided by 728.
718
What is the remainder when 24984 is divided by 16?
8
Calculate the remainder when 1119 is divided by 166.
123
Calculate the remainder when 10222 is divided by 32.
14
Calculate the remainder when 449873 is divided by 59.
57
Calculate the remainder when 2787 is divided by 12.
3
Calculate the remainder when 1034 is divided by 106.
80
Calculate the remainder when 6316 is divided by 4746.
1570
What is the remainder when 29485 is divided by 44?
5
What is the remainder when 6681 is divided by 172?
145
Calculate the remainder when 53331 is divided by 69.
63
Calculate the remainder when 14690 is divided by 327.
302
What is the remainder when 65354 is divided by 7261?
5
What is the remainder when 10822 is divided by 5400?
22
Calculate the remainder when 